 z(p) is divided by 7?
6
Let y be (0 - 1)*(11 + 2). Let f(c) be the third derivative of -c**4/8 - 4*c**3/3 + 10*c**2. Calculate the remainder when 59 is divided by f(y).
28
Let o = -405 - -696. What is the remainder when o is divided by 74?
69
Let f be (10/1 + -2)*2. Suppose 2*z - 3*z = -57. Calculate the remainder when z is divided by (4 - f)/(-2 + 1).
9
Let y = -212 - -359. Let i(f) = -42*f + 331. Calculate the remainder when y is divided by i(7).
36
Let z be ((-24)/(-18))/((-4)/(-6)). What is the remainder when 79 is divided by 1014/51 - z/(-17)?
19
Suppose -3*y - 2 = -20. Suppose -j + 2 - y = 0. Let u = 7 - j. Calculate the remainder when 43 is divided by u.
10
Let t(w) = -3*w - 12. Let s(x) = -x**3 - 10*x**2 - 2*x - 13. Let z be s(-10). Let o = -1 - z. Calculate the remainder when t(o) is divided by 5.
2
Let m = -63 - -81. Calculate the remainder when 336 is divided by m.
12
Let o(v) = v**2 - 8*v + 5. Let j be o(5). Let i = 16 - j. Calculate the remainder when 24 is divided by 342/i - (-2)/(-13).
11
Let u(s) = -170*s - 345. What is the remainder when u(-9) is divided by 66?
63
Let p(o) = o**2 + 7*o + 7. Let i be p(-9). Suppose -5*l + 4*u = -i - 162, 3*u = 4*l - 149. Calculate the remainder when l is divided by 12.
11
Suppose 4*k - 7*k + 4*o = -2282, o + 3021 = 4*k. Calculate the remainder when k is divided by 54.
52
Let s(o) = -10*o - 5. What is the remainder when 83 is divided by s(-2)?
8
Let i = 141 + -119. Suppose i*u - 18*u = 236. What is the remainder when u is divided by 10?
9
Suppose 723 = 4*d + 479. What is the remainder when d is divided by 22?
17
Suppose 2*u - 10*p + 5*p - 626 = 0, p = 2. Calculate the remainder when u is divided by 40.
38
Let j(b) = -4*b. Let d be j(5). Calculate the remainder when (-892)/(-20)*1 - 8/d is divided by 8.
5
Let s(a) = -4*a - 2. Let k be s(-3). Let l = k - -2. Let q = -1 + l. Calculate the remainder when 30 is divided by q.
8
Calculate the remainder when 422 is divided by (60 + -58)*(9/2 + -2).
2
Let q = 2 - -6. Calculate the remainder when 291 is divided by q.
3
Suppose -43*o - 7191 = -52*o. Calculate the remainder when o is divided by 10.
9
Let c be 102/3 - (-2 - 1). Let w = 24 + c. Calculate the remainder when w is divided by 16.
13
Let m(w) = -w**2 + 9*w - 5. Let d be m(8). Suppose -3*r + 0 = d. Calculate the remainder when 21 is divided by 10 - (1 - -2 - r).
3
Let p = -1 - -13. Suppose -2*k + 79 = 23. Calculate the remainder when k is divided by (12/9)/(2/p).
4
Let j = 94 - 71. Calculate the remainder when 67 is divided by j.
21
Let v = 35 + -55. Let y = -7 - v. What is the remainder when 61 is divided by y?
9
Calculate the remainder when (8 - (-913)/11) + -3 is divided by 6.
4
Let s = 30 - 20. Let a = -41 + 67. Calculate the remainder when a is divided by s.
6
Suppose -4*f + 38 = 2*z, 11*z + 4*f - 63 = 8*z. Calculate the remainder when 114 is divided by z.
14
Suppose 5 - 65 = -4*t. Let g(o) = o**2 + 3*o - 10. What is the remainder when g(-9) is divided by t?
14
Suppose -3*q = d - 0*q - 29, 0 = -3*q. Calculate the remainder when 289 is divided by d.
28
Suppose 3*v + 5*h - 166 = 0, -4*h = 71 - 79. Calculate the remainder when 2079 is divided by v.
51
Let c = 231 - 99. Suppose 5*g = c - 22. Suppose 0 = -4*t + 146 + 194. Calculate the remainder when t is divided by g.
19
Suppose 2*u - u = -4*c + 22, 0 = 5*u + c - 34. Suppose -6*g + 15 = -9. Calculate the remainder when u is divided by g.
2
Suppose 0 = 12*z - 11*z + 4*m - 561, -5*z + m = -2721. Calculate the remainder when z is divided by 91.
90
Let s(f) = -21*f - 13. Let g be s(-8). Suppose 0 = 11*j - 6*j - g. What is the remainder when j is divided by 11?
9
Suppose 0 = l - 6*l + 3*n + 175, l - 5*n - 35 = 0. What is the remainder when 0 - 2 - 7/(l/(-475)) is divided by 19?
17
Suppose 0 = -x + 39 - 4. Let q = -160 - -242. Suppose -q = -5*z + 8. Calculate the remainder when x is divided by z.
17
Let o(a) = 2*a**3 + 2*a**2 - 3 + 5*a + a**2 - 3*a**3 + 0*a**2. Let i be 0 + 4 - 8/8. What is the remainder when 45 is divided by o(i)?
9
Let j(p) = p + 1. Suppose 105*w + 24 = 111*w. Suppose 2*f = -3*c + 37, f + 42 = w*c - 0*f. Calculate the remainder when c is divided by j(6).
4
Let a(n) be the second derivative of n**4/6 - 3*n**3/2 + 9*n**2/2 - 19*n. What is the remainder when a(9) is divided by 23?
21
Let i be 40/18 - 2 - (-518)/(-63). Calculate the remainder when 18 is divided by 132/(-3)*i/32.
7
Suppose -37 = -2*l - 3*d, 100 - 18 = 4*l - 2*d. What is the remainder when 71 is divided by l?
11
Let l(a) = -4*a - 17. Let d be l(-6). Let q(g) = -g**2 + 8*g - 1. Suppose 4*j - 5 - 7 = 0. What is the remainder when q(d) is divided by j?
0
Let c = -605 - -683. Calculate the remainder when 307 is divided by c.
73
Suppose j = -2*j + 2*y + 56, 52 = 2*j - 5*y. Suppose q + 4*s + 8 = -5, j = 4*q - s. What is the remainder when 90 is divided by (q - -31) + 6/(-2)?
28
Let m = 3 - 1. Suppose 5*z - 330 = -5*f, 0 = 2*f - 2*z - m*z - 102. What is the remainder when f is divided by 21?
19
Suppose -4*g + 3*t = -2 - 31, 0 = t - 1. Let c(d) = 11*d + d**3 - 34*d**2 - 45*d**2 - 7 + 69*d**2. Calculate the remainder when 42 is divided by c(g).
9
Let d = 233 + -66. Calculate the remainder when d is divided by 21.
20
Let o be (-2)/5 + (-54)/(-10). Suppose -o*p + 160 = -30. What is the remainder when 73 is divided by p?
35
Suppose 4*b - 493 = 5*n, -5*b - 48*n = -47*n - 580. Calculate the remainder when b is divided by 63.
54
Let h(u) = u - 14. Let b be h(-5). Let y = 19 + b. Suppose 0 = -y*r + r - 29. What is the remainder when 55 is divided by r?
26
Suppose z - 3*d - 287 = -99, -3*z = 5*d - 522. Calculate the remainder when z is divided by 18.
17
Let q(d) = -d + 4. Calculate the remainder when (18 - 5)*(-1 + 2)*1 is divided by q(-3).
6
Let j(t) = 20*t - 7. Let o(h) = -h**2 - 4*h + 248. What is the remainder when j(7) is divided by o(13)?
25
Suppose 2*a - 3*h + 118 = 0, 175 = 2*a - 5*a + 4*h. Let c = -38 - a. Suppose -3*m = 3, -2*m = -3*s + 100 - 20. Calculate the remainder when s is divided by c.
11
Suppose 4*p - 21 = -1. Let k(a) = 21*a - 39. What is the remainder when p is divided by k(2)?
2
Let x = -727 - -761. What is the remainder when x is divided by 3?
1
Calculate the remainder when (-30)/(-35) + 2946/(-168)*-4 is divided by (-2)/(-3) + 109/3.
34
Suppose -3*z - 50 = -4*c, -5*c = -0*c - 3*z - 61. Suppose -i + 4*q + 55 = -0*q, -3*q + 132 = 2*i. What is the remainder when i is divided by c?
8
Let y = -1 - -7. Suppose -z - 3*p = 9, 3*z + 5*p = -y - 1. Let d(t) = 5*t - 4. What is the remainder when d(3) is divided by z?
5
Suppose -n - 250 = -3*w, -4*w + 263 + 72 = -3*n. What is the remainder when w is divided by 28?
27
Let b = 125 + -120. Suppose -5*w = -n + 67, -4*n + 153 = -2*w + b*w. What is the remainder when 79 is divided by n?
37
Let d(f) = f**2 + 2*f - 4. Let h be d(4). Suppose -n + h = n. Calculate the remainder when 27 is divided by n.
7
Let u(j) = -j**2 + 22*j + 95. What is the remainder when 184 is divided by u(24)?
43
Calculate the remainder when 418 is divided by (-2 - 3 - -2) + (11 - -7).
13
Let u(v) be the first derivative of -4*v**2 - 15*v - 11. Calculate the remainder when 65 is divided by u(-4).
14
Let x(w) = w**2 + w + 2. Suppose 29 = 10*a + 259. Let h = -15 - a. Calculate the remainder when x(3) is divided by h.
6
Let s be (-2)/3 - (-272)/(-6). Let q be (s/2)/(3/(-3)). Let t = q + -14. What is the remainder when 15 is divided by t?
6
Suppose -58*m - 21*m = -6399. What is the remainder when m is divided by 10?
1
Suppose -6*g = -4*g - 56. Suppose -6*l + 2*l = 20. Let p(k) = -2*k**3 - 7*k**2 - 7*k. What is the remainder when p(l) is divided by g?
26
Let h = -322 - -359. What is the remainder when 100 is divided by h?
26
Let z(t) = t**2 - 11*t + 14. Calculate the remainder when z(11) is divided by ((-16)/12)/1*-6.
6
Let b(j) = -j**3 - 12*j**2 - 14*j + 9. Let n be b(-11). Suppose 90 = 4*q - n. Calculate the remainder when 1177/9 + -4 + 190/45 is divided by q.
32
Let k = 31 + -13. Let y be (-1)/(2 + (-10)/4). Suppose y*d - 78 - 26 = 0. Calculate the remainder when d is divided by k.
16
Let n(m) = -44 + 45 + 15*m - 19. What is the remainder when n(6) is divided by 13?
7
Let l(r) = r**2 + 8*r + 12. Let p be l(-7). Suppose p*c - 4*a - a = 80, 3*c + 4*a = 48. Calcul